**2 - 9*d + 71. What is the remainder when 47 is divided by r(-13)?
9
Suppose 0*n = 4*n - 2*d - 336, 5*n - 5*d = 420. Suppose 16*x = 59 + 405. What is the remainder when n is divided by x?
26
Let p(y) = y**2 - 31*y + 59. Calculate the remainder when p(30) is divided by 22.
7
Let m = 20 - 116. Let d = m - -117. Calculate the remainder when 79 is divided by d.
16
Suppose 3*a - 4*a + 21 = 0. Suppose -5*s - 897 - 146 = -3*n, -2*n + 418 = -2*s. What is the remainder when a is divided by (3/2)/((-39)/s)?
5
Let k = -83 - -84. Calculate the remainder when 2 is divided by k.
0
Let w be 0/15 - -3*11. Suppose -5*j - w = -208. Calculate the remainder when j is divided by 57/(-3)*1/(-1).
16
Let z = 21 - -30. What is the remainder when z is divided by 6?
3
Let z(g) = -g**3 - 3*g**2 - 6. What is the remainder when z(-5) is divided by 8?
4
Let i(g) = g**2 - g + 3. Let p = 31 + -35. Let a(u) = -2*u**3 - 7*u**2 - 5*u + 6. What is the remainder when a(p) is divided by i(-3)?
12
Suppose -5*l + 5*q - 35 = 0, l - 5*q + 3 = 4*l. Let y = l - -23. Calculate the remainder when 75 is divided by y.
18
Suppose -6*l - 38 = -3*l - k, -5*l - 54 = 3*k. Calculate the remainder when 7/(4*(-1)/l) is divided by 6.
3
Let w(s) = 3*s + 12. Let c be w(-8). What is the remainder when (5 + 117/c)/((-2)/8) is divided by 11?
8
Let p = 193 + -151. Calculate the remainder when p is divided by 23.
19
Suppose 5*z = -v - 20, 4*v + 4*z - 40 = 8*z. Let t = -6 + 0. Calculate the remainder when t/(-15) + 68/5 is divided by v.
4
Suppose 0 = -36*g + 1027 + 89. Let b = -101 + 191. What is the remainder when b is divided by g?
28
Suppose 4*u = -7 - 21. Let j = u + 17. Calculate the remainder when j is divided by 6.
4
Suppose 7*o - 5*o = -202. Let u = 65 + o. Let g = u - -76. Calculate the remainder when g is divided by 14.
12
Let t = 1440 - 1431. Calculate the remainder when 107 is divided by t.
8
Suppose -5*r = 2*t - 13 - 44, -68 = -4*r + 4*t. What is the remainder when 194 is divided by r?
12
Let m = -12 - -5. Let c = m - -11. Suppose -2*y = -4*u - y + 27, 3*y = c*u - 17. What is the remainder when 37 is divided by u?
5
Suppose 0 = -o - 2, -4*o + 47 = 3*x - 2*o. Suppose 2*r + 10 = y, r - 2*y - 5 = 2*r. Let q = 45 - r. What is the remainder when q is divided by x?
16
What is the remainder when 32 is divided by 4/18 - (60/27 - 6)?
0
Let g = 4 - -12. Suppose -3*u + 5*u = 270. Suppose -4*s = -5*s - 3*t + 43, -3*t + u = 3*s. What is the remainder when s is divided by g?
14
Let h = 175 + -149. Calculate the remainder when 232 is divided by h.
24
Suppose 0 = -53*y + 56*y - 6. What is the remainder when 102 is divided by (-3 + 1)/(-4)*13*y?
11
Let a = 31600 + -31596. Suppose 0 = 4*x - 23 - 29. Let p = x + -2. What is the remainder when p is divided by a?
3
Let g(j) = 35*j - 692. What is the remainder when g(24) is divided by 8/(-6)*45/(-2)?
28
Calculate the remainder when 1188/(-8)*8/(-12) is divided by 25.
24
Let i(r) = 6*r + 274. What is the remainder when 136 is divided by i(-38)?
44
Let q = -24 - -35. What is the remainder when 34 is divided by q?
1
Suppose 18*d + 11610 = 45*d. Calculate the remainder when d is divided by 54.
52
Let u = -53 - -81. Calculate the remainder when u is divided by (-4)/(160/55)*-8.
6
Let m(w) = -w + 148. Calculate the remainder when m(23) is divided by 16.
13
Suppose -20*m + 23*m - 75 = 0. What is the remainder when m is divided by 3?
1
Let w = 233 - 130. What is the remainder when w is divided by 24 - (4/(-8))/((-2)/(-8))?
25
Let p be (-16)/(-6)*(-27)/(-18). Suppose 2*m + p*b - 42 + 10 = 0, 3*m - 5*b - 26 = 0. What is the remainder when 14 is divided by (6 - 11)*m/(-10)?
2
Suppose -117*c = -129*c + 36. Calculate the remainder when 40 is divided by c.
1
Suppose -d - 2*u + 3 = -9, 3*d + 14 = 4*u. Suppose 2*v - 13 - 32 = -3*c, -2*v = d*c - 50. Calculate the remainder when v is divided by 16.
14
Let g(b) = 3*b**2 + b + 8. Let r be g(10). Calculate the remainder when ((-3)/6)/(((-15)/r)/5) is divided by 8.
5
Calculate the remainder when 54/(-243) + (-1289)/(-9) is divided by 30.
23
Let g = 10 - 4. Let w(l) = -l**3 + 5*l**2 + 6*l + 6. Suppose -4*y + u + 28 = -42, -y = -u - 19. What is the remainder when y is divided by w(g)?
5
Suppose a - 59 = 40. Let d be (6/(-9))/((-6)/a). Let x = d + -7. Calculate the remainder when x is divided by 4.
0
Suppose 0 = -2*o - 4*o + 270. Suppose 0 = 12*f - 65 - 7. What is the remainder when o is divided by f?
3
Suppose 28*i - 3866 - 3974 = 0. Calculate the remainder when i is divided by 133.
14
Suppose 241 = 3*i + 34. Let q(h) = -h**3 + 7*h**2 - 4*h + 5. What is the remainder when i is divided by q(5)?
34
Let y = 27 + 33. Let g(v) = 9*v - 2. Suppose -2*p + 3 = -1. What is the remainder when y is divided by g(p)?
12
Let l(y) = y**3 - 7*y**2 - 8. Suppose -t + 1 = -6. Let b be l(t). Calculate the remainder when b/28 + (-331)/(-7) is divided by 24.
23
Let f(b) = -11*b + 119. Let w(q) = 5*q - 60. Let l(v) = -3*f(v) - 7*w(v). Suppose 32 = t + t. Calculate the remainder when l(0) is divided by t.
15
Suppose 4 + 2 = 3*g. Let j be (-1)/g - (-22)/4. Suppose -3*n + j*d = -17, -d - d = -4*n + 32. Calculate the remainder when 35 is divided by n.
8
Let r(c) = 2*c**2 - 271*c + 1575. Let i = -201 + 283. Calculate the remainder when i is divided by r(6).
19
Suppose 3*g - 60 = -39. Suppose -11 = -5*f + 9. Suppose 25 = -3*z + f*z + b, -2*b + 30 = z. Calculate the remainder when z is divided by g.
6
Let a = -129 + 165. What is the remainder when a is divided by 13?
10
Suppose 3 = 2*d + 5, 0 = -4*r + 5*d + 5. Suppose r = 2*a - 2, -2*l + 4 - 2 = -2*a. What is the remainder when (l/4 + 2)*6 is divided by 8?
7
Suppose -f + 60 = -17. Let q = 19 + -1. Suppose -q = -g + 2. What is the remainder when f is divided by g?
17
Let y = -74 + 79. Suppose -3*o = y*r - 500, r + 5*o = 92 + 8. Calculate the remainder when r is divided by 26.
22
Let d = 193 + -164. What is the remainder when 460 is divided by d?
25
Let z(i) = 6*i - 3. Suppose a - 49 = -5*w, 5*a + 0*w + 4*w = 140. What is the remainder when z(12) is divided by a?
21
Suppose a - 4 = 0, -3*u + 28 = 2*a - 55. Calculate the remainder when 109 is divided by u.
9
Suppose 0 = 22*i - 592 - 926. Suppose 2*b - k - 3*k - 24 = 0, -4*b = -2*k - 66. What is the remainder when i is divided by b?
15
Suppose 19*c - 1231 = 213. What is the remainder when 453 is divided by c?
73
Let d be ((-15)/(-4))/(-2 - 35/(-16)). Calculate the remainder when d/(-70) + 522/14 is divided by 10.
7
Let s = -101 - -151. What is the remainder when s is divided by 27?
23
Let q(u) be the third derivative of u**5/15 - u**3/3 - 4*u**2. Suppose 2*j = 9 + 15. Calculate the remainder when q(-3) is divided by j.
10
Suppose 0 = q + 2, -5*r - 4*q - 3 = -0*q. Let t = 26 - r. Calculate the remainder when t is divided by 14.
11
Suppose 5*l + 5*g - 25 = 0, -l - 2*g + 5 = 2*g. Suppose -3*n = -6, -l*i + 4*n + n + 135 = 0. Calculate the remainder when 54 is divided by i.
25
Suppose 3*x - o = 895, -3*x - 4*o = -2*o - 901. Calculate the remainder when x is divided by 43.
41
Suppose -2*n + 8 = 4*s - 12, 2*s + 3*n = 2. Let z(w) = 9*w - 29. Calculate the remainder when 167 is divided by z(s).
31
Let z = -10 - -30. Suppose z = 2*i - 3*f, -2*f - 1 = 3. Calculate the remainder when 13 is divided by i.
6
Suppose 0 = -5*n + 3*n + 4. Suppose -2*b + 21 = i, n*b - 8 = b + 2*i. What is the remainder when 27 is divided by b?
7
Suppose 0 = 2*y + 2*y - 8. Suppose -75 = -3*g - y*g. Let t = 86 - 59. What is the remainder when t is divided by g?
12
Calculate the remainder when 15/420*-7 - (-538)/8 is divided by 14.
11
Suppose 27*h - 931 = -22*h. Calculate the remainder when 65 is divided by h.
8
Let x(b) = b**3 + b**2 + 8*b - 35. Calculate the remainder when 144 is divided by x(3).
19
Let g(o) = -4 - 7 + 26*o - 28*o. Let s be g(-7). Suppose 8*n - 3*w = 3*n + 18, -s*w - 6 = -3*n. Calculate the remainder when n is divided by 3.
0
Let s = 2 - 6. Let q = 1 - s. Suppose -q*p + 18 = -17. What is the remainder when 25 is divided by p?
4
Suppose 225 + 3 = 19*t. Suppose 2*b - 5*g - 46 = 0, -3*b - 2*g + 115 = 2*g. Calculate the remainder when b is divided by t.
9
Let f(h) = -4*h**2 + 110*h - 110. Calculate the remainder when f(25) is divided by 13.
10
Suppose -8 + 2 = -p. Suppose -54 = -4*q + p. What